{"id":1636,"date":"2023-04-17T10:26:57","date_gmt":"2023-04-17T10:26:57","guid":{"rendered":"https:\/\/rentalmet.pl\/?post_type=product&#038;p=1636"},"modified":"2023-04-17T10:26:57","modified_gmt":"2023-04-17T10:26:57","slug":"pilarka-lancuchowa-spalinowa-nax-400c","status":"publish","type":"product","link":"https:\/\/rentalmet.pl\/index.php\/produkt\/pilarka-lancuchowa-spalinowa-nax-400c\/","title":{"rendered":"Pilarka \u0142a\u0144cuchowa spalinowa Nax 400C"},"content":{"rendered":"<ul class=\"product-main-data__benefits product-benefits\">\n<li class=\"product-benefits__item\">wydajny, niezawodny silnik dwusuwowy na licencji Briggs&amp;Stratton<\/li>\n<li class=\"product-benefits__item\">automatyczne smarowanie \u0142a\u0144cucha<\/li>\n<li class=\"product-benefits__item\">system antywibracyjny<\/li>\n<\/ul>\n","protected":false},"excerpt":{"rendered":"<div class=\"product-main-data__description\">Pilarka \u0142a\u0144cuchowa spalinowa Nax 400C jest narz\u0119dziem, kt\u00f3re mo\u017ce by\u0107 Ci potrzebne w czasie prac ogrodniczych. Mo\u017ce znale\u017a\u0107 si\u0119 na wyposa\u017ceniu Twojej altany narz\u0119dziowej na dzia\u0142ce. Z pomoc\u0105 tego urz\u0105dzenia usuniesz stare i spr\u00f3chnia\u0142e ga\u0142\u0119zie drzew. Wydajny silnik i system antywibracyjny sprawi\u0105, \u017ce wszelkie prace wykonasz szybko i bez wysi\u0142ku.<\/div>\n","protected":false},"featured_media":1637,"template":"","meta":[],"product_cat":[47],"product_tag":[],"_links":{"self":[{"href":"https:\/\/rentalmet.pl\/index.php\/wp-json\/wp\/v2\/product\/1636"}],"collection":[{"href":"https:\/\/rentalmet.pl\/index.php\/wp-json\/wp\/v2\/product"}],"about":[{"href":"https:\/\/rentalmet.pl\/index.php\/wp-json\/wp\/v2\/types\/product"}],"wp:featuredmedia":[{"embeddable":true,"href":"https:\/\/rentalmet.pl\/index.php\/wp-json\/wp\/v2\/media\/1637"}],"wp:attachment":[{"href":"https:\/\/rentalmet.pl\/index.php\/wp-json\/wp\/v2\/media?parent=1636"}],"wp:term":[{"taxonomy":"product_cat","embeddable":true,"href":"https:\/\/rentalmet.pl\/index.php\/wp-json\/wp\/v2\/product_cat?post=1636"},{"taxonomy":"product_tag","embeddable":true,"href":"https:\/\/rentalmet.pl\/index.php\/wp-json\/wp\/v2\/product_tag?post=1636"}],"curies":[{"name":"wp","href":"https:\/\/api.w.org\/{rel}","templated":true}]}}