{"id":1544,"date":"2022-08-25T11:34:00","date_gmt":"2022-08-25T11:34:00","guid":{"rendered":"https:\/\/rentalmet.pl\/?post_type=product&#038;p=1544"},"modified":"2022-08-29T12:18:00","modified_gmt":"2022-08-29T12:18:00","slug":"husqvarna-glebogryzarka-kultywator-spalinowy-tr-348","status":"publish","type":"product","link":"https:\/\/rentalmet.pl\/index.php\/produkt\/husqvarna-glebogryzarka-kultywator-spalinowy-tr-348\/","title":{"rendered":"HUSQVARNA Glebogryzarka Kultywator Spalinowy TR 348"},"content":{"rendered":"<p><span style=\"font-size: medium;\">NAP\u0118D NA KO\u0141A &#8211; Sprawia, \u017ce maszyna nie szarpie, doskonale amortyzuj\u0105c si\u0142y przenoszone z no\u017cy roboczych, zmniejsza wysi\u0142ek podczas pracy i umo\u017cliwia dok\u0142adne spulchnienie gleby ju\u017c za pierwszym przejazdem roboczym.<\/span><\/p>\n<p><span style=\"font-size: medium;\">BIEGI &#8211; Sterowanie skrzyni\u0105 bieg\u00f3w z pozycji operatora jest umo\u017cliwione wygodn\u0105 d\u017awigni\u0105.<\/span><\/p>\n<ul>\n<li><span style=\"font-size: medium;\">Silnik:\u00a0Briggs&amp;Stratton<\/span><\/li>\n<li><span style=\"font-size: medium;\">Moc max silnika Subaru:\u00a04,5 kW (\u00a06,12 KM )\u00a0<\/span><\/li>\n<li><span style=\"font-size: medium;\">Pojemno\u015b\u0107:\u00a0208 cm\u00b3<\/span><\/li>\n<li><span style=\"font-size: medium;\">Pojemno\u015b\u0107 paliwa: 3,6 L<\/span><\/li>\n<li><span style=\"font-size: medium;\">Szeroko\u015b\u0107 robocza : 48 cm<\/span><\/li>\n<li><span style=\"font-size: medium;\">G\u0142\u0119boko\u015b\u0107 robocza :\u00a015 cm<\/span><\/li>\n<li><span style=\"font-size: medium;\">Nap\u0119d: tak (\u00a02 biegi do przodu, 1 do ty\u0142u)<\/span><\/li>\n<li><span style=\"font-size: medium;\">Waga :\u00a073 kg<\/span><\/li>\n<\/ul>\n<p>&nbsp;<\/p>\n","protected":false},"excerpt":{"rendered":"<p><span style=\"font-size: medium;\">TR\u00a0348 to lekka, kompaktowa i \u0142atwa w obs\u0142udze glebogryzarka z doskona\u0142\u0105 manewrowalno\u015bci\u0105. Wyposa\u017cona w wysokiej jako\u015bci przek\u0142adni\u0119. Szeroko\u015b\u0107 robocza 48 cm.<\/span><\/p>\n<p><span style=\"font-size: medium;\">Wyposa\u017cenie modelu\u00a0Husqvarna TR 348\u00a0w mocny i niezawodny silnik\u00a0 Briggs&amp;Stratton\u00a0, regulacj\u0119 g\u0142\u0119boko\u015bci pracy, czyni z kultywatora spalinowego TR 348\u00a0bardzo wydajne urz\u0105dzenie. Przygotowanie lub uprawa gleby staj\u0105 si\u0119 przy jej pomocy \u0142atwe, szybkie i przyjemne.\u00a0<\/span><\/p>\n","protected":false},"featured_media":1545,"template":"","meta":[],"product_cat":[41,40],"product_tag":[],"_links":{"self":[{"href":"https:\/\/rentalmet.pl\/index.php\/wp-json\/wp\/v2\/product\/1544"}],"collection":[{"href":"https:\/\/rentalmet.pl\/index.php\/wp-json\/wp\/v2\/product"}],"about":[{"href":"https:\/\/rentalmet.pl\/index.php\/wp-json\/wp\/v2\/types\/product"}],"wp:featuredmedia":[{"embeddable":true,"href":"https:\/\/rentalmet.pl\/index.php\/wp-json\/wp\/v2\/media\/1545"}],"wp:attachment":[{"href":"https:\/\/rentalmet.pl\/index.php\/wp-json\/wp\/v2\/media?parent=1544"}],"wp:term":[{"taxonomy":"product_cat","embeddable":true,"href":"https:\/\/rentalmet.pl\/index.php\/wp-json\/wp\/v2\/product_cat?post=1544"},{"taxonomy":"product_tag","embeddable":true,"href":"https:\/\/rentalmet.pl\/index.php\/wp-json\/wp\/v2\/product_tag?post=1544"}],"curies":[{"name":"wp","href":"https:\/\/api.w.org\/{rel}","templated":true}]}}