{"id":1534,"date":"2022-08-25T11:18:53","date_gmt":"2022-08-25T11:18:53","guid":{"rendered":"https:\/\/rentalmet.pl\/?post_type=product&#038;p=1534"},"modified":"2022-08-29T12:16:30","modified_gmt":"2022-08-29T12:16:30","slug":"pramac-mes5000-thhpi-agregat-3-fazowy-230v-400v-43kw-silnik-honda-gx270h","status":"publish","type":"product","link":"https:\/\/rentalmet.pl\/index.php\/produkt\/pramac-mes5000-thhpi-agregat-3-fazowy-230v-400v-43kw-silnik-honda-gx270h\/","title":{"rendered":"PRAMAC MES5000 THHPI Agregat 3-fazowy 230V\/400V 4,3kW silnik Honda GX270H"},"content":{"rendered":"<p><span style=\"font-size: medium;\">DANE TECHNICZNE<\/span><\/p>\n<ul>\n<li><span style=\"font-size: medium;\">Moc ci\u0105g\u0142a &#8211; 4.3kW \/ 5.4kVA<\/span><\/li>\n<li><span style=\"font-size: medium;\">Moc maksymalna &#8211; 5.0kW \/ 6.3kVA 50Hz<\/span><\/li>\n<li><span style=\"font-size: medium;\">Wsp\u00f3\u0142czynnik cos \u0278 &#8211; 0.8 \/ 400V<\/span><\/li>\n<li><span style=\"font-size: medium;\">Rodzaj zabudowy &#8211; Otwarta<\/span><\/li>\n<\/ul>\n<p><span style=\"font-size: medium;\"><br \/>\n<\/span><span style=\"font-size: medium;\">SILNIK<\/span><\/p>\n<ul>\n<li><span style=\"font-size: medium;\">Model &#8211; Honda GX270VSP benzyna<\/span><\/li>\n<li><span style=\"font-size: medium;\">Pojemno\u015b\u0107 &#8211; 270 cm<\/span><\/li>\n<li><span style=\"font-size: medium;\">Pojemno\u015b\u0107 zbiornika paliwa &#8211; 6.5 l<\/span><\/li>\n<li><span style=\"font-size: medium;\">Miska oleju: 1,2 L<\/span><\/li>\n<li><span style=\"font-size: medium;\">Rodzaj paliwa &#8211; Benzyna<\/span><\/li>\n<li><span style=\"font-size: medium;\">Ilo\u015b\u0107 cylindr\u00f3w\u00a0\u00a0 \u00a0&#8211; 1<\/span><\/li>\n<li><span style=\"font-size: medium;\">Pr\u0119dko\u015b\u0107 obrotowa &#8211; 3000 obr\/min<\/span><\/li>\n<li><span style=\"font-size: medium;\">Rodzaj ch\u0142odzenia &#8211; Powietrze<\/span><\/li>\n<\/ul>\n<p><span style=\"font-size: medium;\"><br \/>\n<\/span><span style=\"font-size: medium;\">PR\u0104DNICA<\/span><\/p>\n<ul>\n<li><span style=\"font-size: medium;\">Rodzaj &#8211; Synchroniczna<\/span><\/li>\n<li><span style=\"font-size: medium;\">Zabezpieczenie &#8211; IP 23<\/span><\/li>\n<\/ul>\n<p><span style=\"font-size: medium;\"><br \/>\n<\/span><span style=\"font-size: medium;\">ZU\u017bYCIE PALIWA<\/span><\/p>\n<ul>\n<li><span style=\"font-size: medium;\">Przy obci\u0105\u017ceniu 75% &#8211; 1.6 L\/h<\/span><\/li>\n<\/ul>\n<p><span style=\"font-size: medium;\"><br \/>\n<\/span><span style=\"font-size: medium;\">WYMIARY<\/span><\/p>\n<ul>\n<li><span style=\"font-size: medium;\">D\u0142ugo\u015b\u0107 &#8211; 750 mm<\/span><\/li>\n<li><span style=\"font-size: medium;\">Szeroko\u015b\u0107 &#8211; 540 mm<\/span><\/li>\n<li><span style=\"font-size: medium;\">Wysoko\u015b\u0107 &#8211; 490 mm<\/span><\/li>\n<li><span style=\"font-size: medium;\">Waga &#8211; 70 kg<\/span><\/li>\n<\/ul>\n<p lang=\"en-US\">\n","protected":false},"excerpt":{"rendered":"<p>W\u0141A\u015aCIWO\u015aCI<\/p>\n<ul>\n<li><span style=\"font-size: medium;\">Benzynowy silnik marki HONDA GX charakteryzuje si\u0119 wysok\u0105 kultur\u0105 pracy oraz ponadprzeci\u0119tn\u0105 trwa\u0142o\u015bci\u0105<\/span><\/li>\n<li><span style=\"font-size: medium;\">Solidna rurowa rama zabezpiecza agregat przed uszkodzeniem i dodatkowo u\u0142atwia transportowanie urz\u0105dzenia<\/span><\/li>\n<li><span style=\"font-size: medium;\">Ch\u0142odzone powietrzem<\/span><\/li>\n<li><span style=\"font-size: medium;\">Zabezpieczenie braku oleju<\/span><\/li>\n<li><span style=\"font-size: medium;\">R\u0119czny rozruch<\/span><\/li>\n<li><span style=\"font-size: medium;\">Synchroniczne alternatory<\/span><\/li>\n<li><span style=\"font-size: medium;\">Solidna rama rurowa<\/span><\/li>\n<li><span style=\"font-size: medium;\">Gniazda na alternatorze z zabezpieczeniem termicznym<\/span><\/li>\n<li><span style=\"font-size: medium;\">Ze wzgl\u0119du na poziom g\u0142o\u015bno\u015bci agregat przeznaczony do zabudowy<\/span><\/li>\n<\/ul>\n","protected":false},"featured_media":1535,"template":"","meta":[],"product_cat":[34,30],"product_tag":[],"_links":{"self":[{"href":"https:\/\/rentalmet.pl\/index.php\/wp-json\/wp\/v2\/product\/1534"}],"collection":[{"href":"https:\/\/rentalmet.pl\/index.php\/wp-json\/wp\/v2\/product"}],"about":[{"href":"https:\/\/rentalmet.pl\/index.php\/wp-json\/wp\/v2\/types\/product"}],"wp:featuredmedia":[{"embeddable":true,"href":"https:\/\/rentalmet.pl\/index.php\/wp-json\/wp\/v2\/media\/1535"}],"wp:attachment":[{"href":"https:\/\/rentalmet.pl\/index.php\/wp-json\/wp\/v2\/media?parent=1534"}],"wp:term":[{"taxonomy":"product_cat","embeddable":true,"href":"https:\/\/rentalmet.pl\/index.php\/wp-json\/wp\/v2\/product_cat?post=1534"},{"taxonomy":"product_tag","embeddable":true,"href":"https:\/\/rentalmet.pl\/index.php\/wp-json\/wp\/v2\/product_tag?post=1534"}],"curies":[{"name":"wp","href":"https:\/\/api.w.org\/{rel}","templated":true}]}}