{"id":1516,"date":"2022-08-25T10:46:53","date_gmt":"2022-08-25T10:46:53","guid":{"rendered":"https:\/\/rentalmet.pl\/?post_type=product&#038;p=1516"},"modified":"2022-08-29T12:14:37","modified_gmt":"2022-08-29T12:14:37","slug":"osuszacz-powietrza-master-dh92-80l-24h","status":"publish","type":"product","link":"https:\/\/rentalmet.pl\/index.php\/produkt\/osuszacz-powietrza-master-dh92-80l-24h\/","title":{"rendered":"OSUSZACZ POWIETRZA MASTER DH92 80L\/24H"},"content":{"rendered":"<p><span style=\"font-size: medium;\">Wytrzyma\u0142a, metalowa obudowa odporna na uszkodzenia, du\u017ce ko\u0142a oraz wygodny uchwyt zapewniaj\u0105 wysoki komfort u\u017cytkowania w nawet najci\u0119\u017cszych warunkach pracy. Urz\u0105dzenie posiada wbudowany zbiornik na skropliny z automatyczn\u0105 kontrol\u0105 jego nape\u0142nienia. Istnieje tak\u017ce mo\u017cliwo\u015b\u0107 pod\u0142\u0105czenia przewodu do odprowadzenia kondensatu, dzi\u0119ki czemu osuszacz mo\u017ce pracowa\u0107 nieprzerwanie przez wiele godzin. Dla profesjonalist\u00f3w warte uwagi b\u0119d\u0105 takie elementy, jak manualne sterowanie, licznik czasu pracy oraz wbudowany higrostat. Osuszacz MASTER DH 92 posiada r\u00f3wnie\u017c funkcj\u0119 automatycznego odszraniana przez gor\u0105ce pary czynnika.<\/span><\/p>\n<p><span style=\"font-size: medium;\">OPIS MODELU:<\/span><\/p>\n<ul>\n<li><span style=\"font-size: medium;\"> Du\u017ca wydajno\u015b\u0107<\/span><\/li>\n<li><span style=\"font-size: medium;\">Wytrzyma\u0142a metalowa obudowa<\/span><\/li>\n<li><span style=\"font-size: medium;\">Wygodny uchwyt<\/span><\/li>\n<li><span style=\"font-size: medium;\">Prosty w obs\u0142udze<\/span><\/li>\n<li><span style=\"font-size: medium;\">Manualne sterowanie odporne na prac\u0119 w <\/span><br \/>\n<span style=\"font-size: medium;\">ci\u0119\u017ckich warunkach<\/span><\/li>\n<li><span style=\"font-size: medium;\">Wbudowany higrostat<\/span><\/li>\n<li><span style=\"font-size: medium;\">Licznik czasu pracy<\/span><\/li>\n<li><span style=\"font-size: medium;\">Mo\u017cliwo\u015b\u0107 pracy ci\u0105g\u0142ej\u00a024\/h na dob\u0119<\/span><\/li>\n<li><span style=\"font-size: medium;\">Automatyczne wy\u0142\u0105czenie urz\u0105dzenia po <\/span><\/li>\n<li><span style=\"font-size: medium;\">nape\u0142nieniu zbiornika<\/span><\/li>\n<li><span style=\"font-size: medium;\">Mo\u017cliwo\u015b\u0107 pod\u0142\u0105czenia przewodu do <\/span><\/li>\n<li><span style=\"font-size: medium;\">odprowadzania skroplin<\/span><\/li>\n<li><span style=\"font-size: medium;\">Odszranianie przez gor\u0105ce pary czynnika<\/span><\/li>\n<li><span style=\"font-size: medium;\">Filtr powietrza<\/span><\/li>\n<\/ul>\n<p><span style=\"font-size: medium;\">PRZEZNACZENIE:<\/span><\/p>\n<ul>\n<li><span style=\"font-size: medium;\"> Budownictwo, prace konserwatorskie<br \/>\n<\/span><\/li>\n<li><span style=\"font-size: medium;\">Archiwa, biblioteki<br \/>\n<\/span><\/li>\n<li><span style=\"font-size: medium;\">Po powodzi w zalanych budynkach,<br \/>\n<\/span><\/li>\n<li><span style=\"font-size: medium;\">mieszkaniach, piwnicach<br \/>\n<\/span><\/li>\n<li><span style=\"font-size: medium;\">Ochrona przed kondensacj\u0105 pary wodnej<br \/>\n<\/span><\/li>\n<li><span style=\"font-size: medium;\">Oczyszczalnie \u015bciek\u00f3w<br \/>\n<\/span><\/li>\n<li><span style=\"font-size: medium;\">Wodoci\u0105g, magazyny<br \/>\n<\/span><\/li>\n<li><span style=\"font-size: medium;\">Zbrylanie materia\u0142\u00f3w<\/span><\/li>\n<\/ul>\n<p><span style=\"font-size: medium;\">DANE TECHNICZNE:<\/span><\/p>\n<ul>\n<li><span style=\"font-size: medium;\"> Wydajno\u015b\u0107 (30C\/80% RH) [L\/24]: 80<br \/>\n<\/span><\/li>\n<li><span style=\"font-size: medium;\">Przep\u0142yw powietrza [m3\/h]: 1000<br \/>\n<\/span><\/li>\n<li><span style=\"font-size: medium;\">Zakres pracy temperatura [C]: 142<br \/>\n<\/span><\/li>\n<li><span style=\"font-size: medium;\">Zakres pracy wilgotno\u015b\u0107 [%]: 3070<br \/>\n<\/span><\/li>\n<li><span style=\"font-size: medium;\">Czynnik ch\u0142odniczy: R1234YF<br \/>\n<\/span><\/li>\n<li><span style=\"font-size: medium;\">Zu\u017cycie energii [W]: 1200<br \/>\n<\/span><\/li>\n<li><span style=\"font-size: medium;\">Zasilanie [V]: 220240<br \/>\n<\/span><\/li>\n<li><span style=\"font-size: medium;\">Cz\u0119stotliwo\u015b\u0107 [Hz]: 50<br \/>\n<\/span><\/li>\n<li><span style=\"font-size: medium;\">Poziom ha\u0142asu [dBA]: 53<br \/>\n<\/span><\/li>\n<li><span style=\"font-size: medium;\">Kompresor: rotacyjny<br \/>\n<\/span><\/li>\n<li><span style=\"font-size: medium;\">Pojemno\u015b\u0107 zbiornika [l]: 12<br \/>\n<\/span><\/li>\n<li><span style=\"font-size: medium;\">Wymiary urz\u0105dzenia [d\u0142 x szer x wys] [mm]: 590 x 580 x 1020<br \/>\n<\/span><\/li>\n<li><span style=\"font-size: medium;\">Waga netto\/brutto [kg]: 66\/70<\/span><\/li>\n<\/ul>\n","protected":false},"excerpt":{"rendered":"<p><span style=\"font-size: medium;\">Profesjonalny osuszacz MASTER DH 92 skutecznie usuwa nadmiar wilgoci z budynk\u00f3w, przyspiesza ich osuszanie, a tak\u017ce wspomaga wiele proces\u00f3w technologicznych. Wykorzystywany jest podczas prac budowlanych, w halach przemys\u0142owych i produkcyjnych, warsztatach lub w magazynach. Jego wydajno\u015b\u0107 80l\/24 h pozwala na skuteczne osuszanie pomieszcze\u0144 o kubaturze do 1200 m3.<\/span><\/p>\n","protected":false},"featured_media":1517,"template":"","meta":[],"product_cat":[36],"product_tag":[],"_links":{"self":[{"href":"https:\/\/rentalmet.pl\/index.php\/wp-json\/wp\/v2\/product\/1516"}],"collection":[{"href":"https:\/\/rentalmet.pl\/index.php\/wp-json\/wp\/v2\/product"}],"about":[{"href":"https:\/\/rentalmet.pl\/index.php\/wp-json\/wp\/v2\/types\/product"}],"wp:featuredmedia":[{"embeddable":true,"href":"https:\/\/rentalmet.pl\/index.php\/wp-json\/wp\/v2\/media\/1517"}],"wp:attachment":[{"href":"https:\/\/rentalmet.pl\/index.php\/wp-json\/wp\/v2\/media?parent=1516"}],"wp:term":[{"taxonomy":"product_cat","embeddable":true,"href":"https:\/\/rentalmet.pl\/index.php\/wp-json\/wp\/v2\/product_cat?post=1516"},{"taxonomy":"product_tag","embeddable":true,"href":"https:\/\/rentalmet.pl\/index.php\/wp-json\/wp\/v2\/product_tag?post=1516"}],"curies":[{"name":"wp","href":"https:\/\/api.w.org\/{rel}","templated":true}]}}