{"id":1403,"date":"2022-06-29T10:15:09","date_gmt":"2022-06-29T10:15:09","guid":{"rendered":"https:\/\/rentalmet.pl\/?post_type=product&#038;p=1403"},"modified":"2022-08-29T12:12:00","modified_gmt":"2022-08-29T12:12:00","slug":"agregat-wacker-neuson-gv7000","status":"publish","type":"product","link":"https:\/\/rentalmet.pl\/index.php\/produkt\/agregat-wacker-neuson-gv7000\/","title":{"rendered":"Agregat Wacker Neuson GV7000"},"content":{"rendered":"","protected":false},"excerpt":{"rendered":"<p>Ekonomiczny generator synchroniczny, kt\u00f3re niezawodnie dostarczaj\u0105 pr\u0105d, r\u00f3wnie\u017c podczas pracy<br \/>\nci\u0105g\u0142ej. Generatory przeno\u015bne znajduj\u0105 zastosowanie nie tylko na budowach, ale tak\u017ce w zak\u0142adach<br \/>\nprzemys\u0142owych i rzemie\u015blniczych oraz w rolnictwie.<br \/>\nGniazda, kt\u00f3re znajduj\u0105 si\u0119 w tym modelu: 1 x 230 V \/ 16 A 1~ CEE 7\/3 \/ 1 x 230 V \/ 32 A CEE 3P 6h<br \/>\nNajwa\u017cniejsze zalety:<br \/>\n&#8211; dodatkowa os\u0142ona generatora zapewnia doskona\u0142\u0105 ochron\u0119 zbiornika na paliwo i gniazd<br \/>\nwtyczkowych,<br \/>\n-du\u017cy zbiornik na paliwo pozwala na wiele godzin nieprzerywanej na uzupe\u0142niane paliwa pracy,<br \/>\n&#8211; \u0142atwy i niezawodny rozruch dzi\u0119ki 4-suwowym silnikom Hondy,<br \/>\n-generator nie wymaga pod\u0142\u0105czenia do uziemienia, dzi\u0119ki temu jest szybko gotowy do pracy lub<br \/>\ntransportu.<\/p>\n<p>Opis wariantu: Moc maksymalna 6,05 kVA, ci\u0119\u017car 73 kg<\/p>\n","protected":false},"featured_media":1179,"template":"","meta":[],"product_cat":[34,30],"product_tag":[],"_links":{"self":[{"href":"https:\/\/rentalmet.pl\/index.php\/wp-json\/wp\/v2\/product\/1403"}],"collection":[{"href":"https:\/\/rentalmet.pl\/index.php\/wp-json\/wp\/v2\/product"}],"about":[{"href":"https:\/\/rentalmet.pl\/index.php\/wp-json\/wp\/v2\/types\/product"}],"wp:featuredmedia":[{"embeddable":true,"href":"https:\/\/rentalmet.pl\/index.php\/wp-json\/wp\/v2\/media\/1179"}],"wp:attachment":[{"href":"https:\/\/rentalmet.pl\/index.php\/wp-json\/wp\/v2\/media?parent=1403"}],"wp:term":[{"taxonomy":"product_cat","embeddable":true,"href":"https:\/\/rentalmet.pl\/index.php\/wp-json\/wp\/v2\/product_cat?post=1403"},{"taxonomy":"product_tag","embeddable":true,"href":"https:\/\/rentalmet.pl\/index.php\/wp-json\/wp\/v2\/product_tag?post=1403"}],"curies":[{"name":"wp","href":"https:\/\/api.w.org\/{rel}","templated":true}]}}